{"id":1408,"date":"2020-10-06T09:01:30","date_gmt":"2020-10-06T07:01:30","guid":{"rendered":"https:\/\/v2020.kasprowicz.edu.pl\/?page_id=1408"},"modified":"2025-04-25T12:23:43","modified_gmt":"2025-04-25T10:23:43","slug":"hymn-szkoly","status":"publish","type":"page","link":"https:\/\/kasprowicz.edu.pl\/?page_id=1408","title":{"rendered":"HYMN SZKO\u0141Y"},"content":{"rendered":"<p><img loading=\"lazy\" decoding=\"async\" class=\"aligncenter wp-image-1410 size-full\" src=\"https:\/\/v2020.kasprowicz.edu.pl\/wp-content\/uploads\/2020\/10\/hymn.jpg\" alt=\"\" width=\"392\" height=\"228\" srcset=\"https:\/\/kasprowicz.edu.pl\/wp-content\/uploads\/2020\/10\/hymn.jpg 392w, https:\/\/kasprowicz.edu.pl\/wp-content\/uploads\/2020\/10\/hymn-300x174.jpg 300w\" sizes=\"auto, (max-width: 392px) 100vw, 392px\" \/><\/p>\n<p>S\u0142owa: Czes\u0142awa Polita\u0144ska-Szulc<br \/>\nMuzyka: Jaros\u0142aw Domaga\u0142a<\/p>\n<blockquote dir=\"ltr\"><p>Z dr\u00f3g wszystkich jedna prowadzi\u0107 nas b\u0119dzie tu<br \/>\n\u017byj\u0105 zielone lata, m\u0142odo\u015bci lata.<br \/>\nTu Kasprowicza spytasz o drogi \u015bwiata<br \/>\nI p\u00f3jdziesz sam i dojdziesz tu.<\/p>\n<blockquote dir=\"ltr\"><p><em>Ref<\/em>.<br \/>\nWiary zaczerpnij z pie\u015bni,<br \/>\nNiech \u017cyje m\u0142odo\u015b\u0107,<br \/>\nS\u0142owo, podajmy r\u0119ce, podajmy sobie.<\/p><\/blockquote>\n<p>Zawsze ten sam Kasprowicz w progach Ci\u0119 powita.<br \/>\nKim jeste\u015b powiesz mu, czy kochasz powiesz mu<br \/>\nCzy kochasz tak jak On, tak jak On.<br \/>\nTrawy najlichsze \u017ad\u017ab\u0142o, najlichsze \u017ad\u017ab\u0142o<br \/>\nCz\u0142eka, co z losem si\u0119 zmaga.<\/p>\n<blockquote dir=\"ltr\"><p><em>Ref<\/em>.<br \/>\nWiary zaczerpnij\u2026<\/p><\/blockquote>\n<p>Tylko nas uczy\u0144 Panie swoj\u0105 ziemi\u0105 \u017cyzn\u0105.<br \/>\nZatrzymam Twoje s\u0142owo, wzro\u015bnie, wyda plon.<br \/>\nPrzetrzymam wichry, burze w mojej Ojczy\u017anie.<br \/>\nNie b\u0119d\u0119 sam, nie jestem sam.<\/p>\n<blockquote dir=\"ltr\"><p><em>Ref<\/em>.<br \/>\nWiary zaczerpnij\u2026<\/p><\/blockquote>\n<\/blockquote>\n<p><em><strong>Hymn szko\u0142y mp3:<\/strong><\/em><\/p>\n<p style=\"text-align: left;\"><div class=\"su-audio\" data-id=\"su_audio_player_69f5f5c542dd5\" data-audio=\"https:\/\/kasprowicz.edu.pl\/wp-content\/uploads\/2020\/10\/hymn.mp3\" data-swf=\"https:\/\/kasprowicz.edu.pl\/wp-content\/plugins\/shortcodes-ultimate\/vendor\/jplayer\/jplayer.swf\" data-autoplay=\"no\" data-loop=\"no\" style=\"\"><div id=\"su_audio_player_69f5f5c542dd5\" class=\"jp-jplayer\"><\/div><div id=\"su_audio_player_69f5f5c542dd5_container\" class=\"jp-audio\"><div class=\"jp-type-single\"><div class=\"jp-gui jp-interface\"><div class=\"jp-controls\"><span class=\"jp-play\"><\/span><span class=\"jp-pause\"><\/span><span class=\"jp-stop\"><\/span><span class=\"jp-mute\"><\/span><span class=\"jp-unmute\"><\/span><span class=\"jp-volume-max\"><\/span><\/div><div class=\"jp-progress\"><div class=\"jp-seek-bar\"><div class=\"jp-play-bar\"><\/div><\/div><\/div><div class=\"jp-volume-bar\"><div class=\"jp-volume-bar-value\"><\/div><\/div><div class=\"jp-current-time\"><\/div><div class=\"jp-duration\"><\/div><\/div><div class=\"jp-title\"><\/div><\/div><\/div><\/div>\n","protected":false},"excerpt":{"rendered":"<p>S\u0142owa: Czes\u0142awa Polita\u0144ska-Szulc Muzyka: Jaros\u0142aw Domaga\u0142a Z dr\u00f3g wszystkich jedna prowadzi\u0107 nas b\u0119dzie tu \u017byj\u0105 zielone lata, m\u0142odo\u015bci lata. Tu<\/p>\n","protected":false},"author":1,"featured_media":0,"parent":1398,"menu_order":0,"comment_status":"closed","ping_status":"closed","template":"","meta":{"colormag_page_container_layout":"default_layout","colormag_page_sidebar_layout":"default_layout","footnotes":""},"class_list":["post-1408","page","type-page","status-publish","hentry"],"_links":{"self":[{"href":"https:\/\/kasprowicz.edu.pl\/index.php?rest_route=\/wp\/v2\/pages\/1408","targetHints":{"allow":["GET"]}}],"collection":[{"href":"https:\/\/kasprowicz.edu.pl\/index.php?rest_route=\/wp\/v2\/pages"}],"about":[{"href":"https:\/\/kasprowicz.edu.pl\/index.php?rest_route=\/wp\/v2\/types\/page"}],"author":[{"embeddable":true,"href":"https:\/\/kasprowicz.edu.pl\/index.php?rest_route=\/wp\/v2\/users\/1"}],"replies":[{"embeddable":true,"href":"https:\/\/kasprowicz.edu.pl\/index.php?rest_route=%2Fwp%2Fv2%2Fcomments&post=1408"}],"version-history":[{"count":11,"href":"https:\/\/kasprowicz.edu.pl\/index.php?rest_route=\/wp\/v2\/pages\/1408\/revisions"}],"predecessor-version":[{"id":16058,"href":"https:\/\/kasprowicz.edu.pl\/index.php?rest_route=\/wp\/v2\/pages\/1408\/revisions\/16058"}],"up":[{"embeddable":true,"href":"https:\/\/kasprowicz.edu.pl\/index.php?rest_route=\/wp\/v2\/pages\/1398"}],"wp:attachment":[{"href":"https:\/\/kasprowicz.edu.pl\/index.php?rest_route=%2Fwp%2Fv2%2Fmedia&parent=1408"}],"curies":[{"name":"wp","href":"https:\/\/api.w.org\/{rel}","templated":true}]}}